ulate the remainder when 1145363 is divided by 1274.
37
What is the remainder when 2156119 is divided by 167?
149
Calculate the remainder when 82366 is divided by 20571.
82
Calculate the remainder when 370386 is divided by 5151.
4665
What is the remainder when 6357923 is divided by 29?
21
Calculate the remainder when 29213 is divided by 28121.
1092
Calculate the remainder when 301226 is divided by 10040.
26
Calculate the remainder when 143173 is divided by 142337.
836
Calculate the remainder when 4311437 is divided by 274.
47
What is the remainder when 411508 is divided by 1524?
28
Calculate the remainder when 68210686 is divided by 832.
830
Calculate the remainder when 8318388 is divided by 2772794.
6
Calculate the remainder when 671769108 is divided by 3767.
3765
What is the remainder when 147487 is divided by 910?
67
What is the remainder when 16678832 is divided by 11?
5
What is the remainder when 3356394 is divided by 526?
514
What is the remainder when 2179622 is divided by 2179622?
0
Calculate the remainder when 201333 is divided by 247.
28
Calculate the remainder when 5547224 is divided by 79.
2
What is the remainder when 17818362 is divided by 279?
27
Calculate the remainder when 2250694 is divided by 3828.
3658
Calculate the remainder when 6196626 is divided by 905.
91
What is the remainder when 10353339 is divided by 398205?
9
What is the remainder when 603814 is divided by 417?
415
What is the remainder when 55097300 is divided by 141?
140
Calculate the remainder when 77872645 is divided by 15.
10
What is the remainder when 17794532 is divided by 27334?
98
What is the remainder when 67405 is divided by 67395?
10
Calculate the remainder when 2125969 is divided by 469.
461
Calculate the remainder when 113738252 is divided by 150.
2
What is the remainder when 30745 is divided by 1096?
57
What is the remainder when 2822592 is divided by 1928?
0
Calculate the remainder when 1572101 is divided by 7326.
4337
What is the remainder when 210182 is divided by 793?
37
What is the remainder when 10815506 is divided by 698?
694
Calculate the remainder when 1002627 is divided by 250644.
51
What is the remainder when 3491124 is divided by 45339?
21
Calculate the remainder when 298498 is divided by 12436.
34
Calculate the remainder when 1135761 is divided by 2391.
36
What is the remainder when 9220199 is divided by 752?
679
Calculate the remainder when 255004 is divided by 254533.
471
Calculate the remainder when 6681629 is divided by 66.
53
Calculate the remainder when 2000654 is divided by 14189.
5
Calculate the remainder when 181361 is divided by 9.
2
Calculate the remainder when 1001215 is divided by 250299.
19
Calculate the remainder when 4884332 is divided by 976858.
42
What is the remainder when 1450350 is divided by 482759?
2073
Calculate the remainder when 2860828 is divided by 302.
284
What is the remainder when 505113 is divided by 5102?
15
Calculate the remainder when 19295151 is divided by 304.
271
Calculate the remainder when 3638577 is divided by 1212848.
33
Calculate the remainder when 37679707 is divided by 1712713.
21
What is the remainder when 152676 is divided by 119?
118
What is the remainder when 22560403 is divided by 1085?
1083
What is the remainder when 3246283 is divided by 8177?
14
Calculate the remainder when 408181 is divided by 7.
4
Calculate the remainder when 3283 is divided by 691.
519
What is the remainder when 254416 is divided by 10599?
40
Calculate the remainder when 132162 is divided by 1325.
987
What is the remainder when 194654312 is divided by 681?
677
Calculate the remainder when 24977 is divided by 7946.
1139
What is the remainder when 3492290 is divided by 3008?
2
Calculate the remainder when 10898371 is divided by 3632783.
22
Calculate the remainder when 12198682 is divided by 435.
412
Calculate the remainder when 216453 is divided by 9402.
207
What is the remainder when 517588 is divided by 130?
58
Calculate the remainder when 268597 is divided by 1852.
57
What is the remainder when 179886 is divided by 16344?
102
Calculate the remainder when 4178744 is divided by 2089369.
6
Calculate the remainder when 9476180 is divided by 3603.
290
Calculate the remainder when 25538841 is divided by 83.
73
What is the remainder when 14923 is divided by 7434?
55
What is the remainder when 278743 is divided by 87?
82
What is the remainder when 2228948 is divided by 25?
23
What is the remainder when 1553468 is divided by 3596?
3592
Calculate the remainder when 48198 is divided by 6765.
843
Calculate the remainder when 7690661 is divided by 1544.
1541
What is the remainder when 137441 is divided by 17074?
849
Calculate the remainder when 666182109 is divided by 110.
109
Calculate the remainder when 74204350 is divided by 17.
13
What is the remainder when 88957 is divided by 442?
115
What is the remainder when 12183 is divided by 1919?
669
Calculate the remainder when 199404 is divided by 89.
44
What is the remainder when 6445251 is divided by 180?
171
Calculate the remainder when 360772 is divided by 1415.
1362
What is the remainder when 6590684 is divided by 411917?
12
Calculate the remainder when 12358459 is divided by 2696.
2691
Calculate the remainder when 365459 is divided by 28111.
16
Calculate the remainder when 7781826 is divided by 972728.
2
What is the remainder when 41024 is divided by 3307?
1340
Calculate the remainder when 2582791 is divided by 757.
664
What is the remainder when 4264051 is divided by 208?
51
Calculate the remainder when 1943943 is divided by 485983.
11
Calculate the remainder when 6561053 is divided by 198817.
92
What is the remainder when 3206546 is divided by 67?
60
Calculate the remainder when 463514 is divided by 115878.
2
What is the remainder when 2950757 is divided by 3308?
21
What is the remainder when 191325713 is divided by 4?
1
What is the remainder when 34548972 is divided by 34548960?
12
Calculate the remainder when 984080 is divided by 327941.
257
What is the remainder when 69412 is divided by 13678?
1022
Calculate the remainder when 1784623 is divided by 350.
323
Calculate the remainder when 4433993 is divided by 1108490.
33
Calculate the remainder when 15249 is divided by 7534.
181
What is the remainder when 162826 is divided by 1552?
1418
What is the remainder when 10652973 is divided by 332905?
13
Calculate the remainder when 3506226 is divided by 65.
61
What is the remainder when 3028071 is divided by 6498?
3
What is the remainder when 269495 is divided by 662?
61
What is the remainder when 184647513 is divided by 53?
18
What is the remainder when 11212045 is divided by 101009?
46
What is the remainder when 537745 is divided by 53772?
25
What is the remainder when 874906 is divided by 124227?
5317
Calculate the remainder when 29249377 is divided by 9749792.
1
What is the remainder when 75646364 is divided by 5955?
5954
What is the remainder when 17128 is divided by 17067?
61
What is the remainder when 2241056 is divided by 9181?
892
What is the remainder when 322422444 is divided by 210?
204
Calculate the remainder when 3893400 is divided by 9450.
0
What is the remainder when 27548311 is divided by 3679?
3638
Calculate the remainder when 16036184 is divided by 29.
25
Calculate the remainder when 957390 is divided by 272.
222
What is the remainder when 77345 is divided by 1?
0
Calculate the remainder when 27730146 is divided by 36.
30
What is the remainder when 55054 is divided by 10966?
224
What is the remainder when 71302 is divided by 523?
174
Calculate the remainder when 650787 is divided by 162643.
215
What is the remainder when 3870859 is divided by 401?
6
What is the remainder when 175751 is divided by 304?
39
Calculate the remainder when 5034346 is divided by 41.
38
What is the remainder when 30561 is divided by 14813?
935
Calculate the remainder when 225894 is divided by 67.
37
What is the remainder when 80046 is divided by 26539?
429
Calculate the remainder when 1895076 is divided by 473749.
80
What is the remainder when 39913 is divided by 1835?
1378
What is the remainder when 112059748 is divided by 23?
22
What is the remainder when 1112552 is divided by 6?
2
Calculate the remainder when 11488774 is divided by 301.
206
What is the remainder when 68992 is d